he hundreds digit of 12678?
6
What is the units digit of 1070?
0
What is the hundreds digit of 705?
7
What is the hundreds digit of 54026?
0
What is the tens digit of 77106?
0
What is the units digit of 50988?
8
What is the hundreds digit of 575?
5
What is the tens digit of 112527?
2
What is the tens digit of 382?
8
What is the tens digit of 4557?
5
What is the tens digit of 33548?
4
What is the tens digit of 938?
3
What is the units digit of 326?
6
What is the ten thousands digit of 20245?
2
What is the hundreds digit of 37381?
3
What is the units digit of 17503?
3
What is the thousands digit of 14095?
4
What is the ten thousands digit of 32250?
3
What is the ten thousands digit of 50730?
5
What is the tens digit of 1374?
7
What is the tens digit of 11512?
1
What is the units digit of 165955?
5
What is the units digit of 34?
4
What is the ten thousands digit of 83057?
8
What is the thousands digit of 1436?
1
What is the hundreds digit of 20258?
2
What is the units digit of 10709?
9
What is the tens digit of 21090?
9
What is the thousands digit of 20899?
0
What is the hundreds digit of 494?
4
What is the units digit of 419?
9
What is the units digit of 12960?
0
What is the units digit of 18534?
4
What is the units digit of 676?
6
What is the hundreds digit of 1616?
6
What is the units digit of 10762?
2
What is the thousands digit of 94312?
4
What is the hundreds digit of 12765?
7
What is the thousands digit of 1740?
1
What is the hundreds digit of 1399?
3
What is the thousands digit of 4383?
4
What is the hundreds digit of 2278?
2
What is the units digit of 4045?
5
What is the tens digit of 133?
3
What is the tens digit of 4588?
8
What is the units digit of 2049?
9
What is the tens digit of 103065?
6
What is the units digit of 4081?
1
What is the thousands digit of 6476?
6
What is the units digit of 2333?
3
What is the units digit of 1927?
7
What is the hundreds digit of 34716?
7
What is the units digit of 1194?
4
What is the ten thousands digit of 117335?
1
What is the units digit of 66267?
7
What is the thousands digit of 8921?
8
What is the units digit of 90341?
1
What is the hundreds digit of 422?
4
What is the tens digit of 24312?
1
What is the units digit of 5668?
8
What is the hundreds digit of 37660?
6
What is the thousands digit of 13242?
3
What is the hundreds digit of 1262?
2
What is the hundreds digit of 4546?
5
What is the hundreds digit of 902?
9
What is the thousands digit of 15830?
5
What is the thousands digit of 35121?
5
What is the hundreds digit of 2415?
4
What is the tens digit of 685?
8
What is the thousands digit of 3133?
3
What is the tens digit of 27802?
0
What is the hundreds digit of 7995?
9
What is the thousands digit of 53933?
3
What is the thousands digit of 2647?
2
What is the thousands digit of 2694?
2
What is the hundreds digit of 1957?
9
What is the units digit of 6467?
7
What is the tens digit of 178?
7
What is the units digit of 61319?
9
What is the units digit of 135279?
9
What is the units digit of 1356?
6
What is the units digit of 3310?
0
What is the tens digit of 3842?
4
What is the units digit of 5908?
8
What is the units digit of 158?
8
What is the tens digit of 805?
0
What is the hundreds digit of 6146?
1
What is the ten thousands digit of 22530?
2
What is the thousands digit of 3831?
3
What is the tens digit of 2082?
8
What is the units digit of 1821?
1
What is the hundreds digit of 547?
5
What is the thousands digit of 3235?
3
What is the units digit of 317?
7
What is the hundreds digit of 32480?
4
What is the hundreds digit of 34243?
2
What is the units digit of 351?
1
What is the thousands digit of 7078?
7
What is the units digit of 41128?
8
What is the hundreds digit of 973?
9
What is the thousands digit of 22727?
2
What is the tens digit of 718?
1
What is the units digit of 9080?
0
What is the units digit of 2342?
2
What is the units digit of 33817?
7
What is the thousands digit of 11668?
1
What is the units digit of 2645?
5
What is the hundreds digit of 478?
4
What is the hundreds digit of 94547?
5
What is the units digit of 12?
2
What is the ten thousands digit of 15742?
1
What is the ten thousands digit of 30234?
3
What is the tens digit of 4168?
6
What is the units digit of 102595?
5
What is the units digit of 71843?
3
What is the hundreds digit of 1010?
0
What is the units digit of 1616?
6
What is the ten thousands digit of 11531?
1
What is the hundreds digit of 10658?
6
What is the thousands digit of 1851?
1
What is the tens digit of 86600?
0
What is the thousands digit of 102974?
2
What is the units digit of 36938?
8
What is the units digit of 345?
5
What is the units digit of 2353?
3
What is the hundreds digit of 13437?
4
What is the hundreds digit of 2635?
6
What is the thousands digit of 84725?
4
What is the tens digit of 43227?
2
What is the thousands digit of 6182?
6
What is the thousands digit of 2726?
2
What is the units digit of 1664?
4
What is the units digit of 155834?
4
What is the hundreds digit of 686?
6
What is the thousands digit of 1301?
1
What is the hundreds digit of 3699?
6
What is the hundreds digit of 154?
1
What is the ten thousands digit of 10478?
1
What is the units digit of 14612?
2
What is the units digit of 1470?
0
What is the units digit of 1285?
5
What is the units digit of 200922?
2
What is the ten thousands digit of 49526?
4
What is the units digit of 4366?
6
What is the tens digit of 2232?
3
What is the hundreds digit of 2029?
0
What is the thousands digit of 14514?
4
What is the tens digit of 12910?
1
What is the tens digit of 1575?
7
What is the hundreds digit of 1505?
5
What is the ten thousands digit of 14807?
1
What is the thousands digit of 11553?
1
What is the hundreds digit of 6650?
6
What is the hundreds digit of 2162?
1
What is the tens digit of 3014?
1
What is the ten thousands digit of 10697?
1
What is the tens digit of 73798?
9
What is the ten thousands digit of 26618?
2
What is the hundreds digit of 1899?
8
What is the thousands digit of 1105?
1
What is the hundreds digit of 9597?
5
What is the units digit of 30811?
1
What is the units digit of 74588?
8
What is the thousands digit of 56582?
6
What is the hundreds digit of 2347?
3
What is the ten thousands digit of 132960?
3
What is the ten thousands digit of 44537?
4
What is the thousands digit of 23995?
3
What is the units digit of 10124?
4
What is the hundreds digit of 10052?
0
What is the hundreds digit of 631?
6
What is the thousands digit of 104076?
4
What is the hundreds digit of 110801?
8
What is the tens digit of 112?
1
What is the tens digit of 4414?
1
What is the hundreds digit of 2791?
7
What is the hundreds digit of 2177?
1
What is the hundreds digit of 886?
8
What is the units digit of 4047?
7
What is the thousands digit of 1960?
1
What is the tens digit of 797?
9
What is the hundreds digit of 1537?
5
What is the tens digit of 2139?
3
What is the units digit of 20472?
2
What is the thousands digit of 15779?
5
What is the ten thousands digit of 13092?
1
What is the tens digit of 60356?
5
What is the units digit of 1585?
5
What is the tens digit of 1348?
4
What is the units digit of 5890?
0
What is the units digit of 903?
3
What is the thousands digit of 5223?
5
What is the hundreds digit of 717?
7
What is the thousands digit of 3131?
3
What is the hundreds digit of 4373?
3
What is the units digit of 53614?
4
What is the ten thousands digit of 182064?
8
What is the thousands digit of 68730?
8
What is the hundreds digit of 3231?
2
What is the thousands digit of 4877?
4
What is the hundreds digit of 4213?
2
What is the ten thousands digit of 34968?
3
What is the units digit of 56?
6
What is the tens digit of 8510?
1
What is the ten thousands digit of 53419?
5
What is the tens digit of 39477?
7
What is the tens digit of 548?
4
What is the thousands digit of 1054?
1
What is the thousands digit of 1857?
1
What is the tens digit of 1588?
8
What is the tens digit of 106?
0
What is the tens digit of 8564?
6
What is the tens digit of 40028?
2
What is the hundreds digit of 18753?
7
What is the tens digit of 4663?
6
What is the units digit of 18336?
6
What is the ten thousands digit of 27481?
2
What is the units digit of 122?
2
What is the hundreds digit of 15400?
4
What is the units dig